7 - (-24 - -11)) + (-6 + -5 - -6).
1
Evaluate 22 - (8 - -1) - (186 - 261).
88
Evaluate (2 - 50) + -11 - -16.
-43
What is -137 - (17 + -119) - -49?
14
What is the value of 42 - (3 - (-14 - (-2 - -4)))?
23
What is (18 + -5 - (-1 - -11) - 14) + -11?
-22
Evaluate 19 + (-133 - -84 - -120).
90
What is the value of (15 - (-4 - -22)) + -25 + -4 + -6?
-38
Calculate (22 - 56 - (-59 - -138)) + 0 + 0 + 7.
-106
What is the value of 21 - 44 - -53 - -5?
35
Calculate 47 + (158 - 150) + -18 + 4 + -7.
34
What is -5 + 10 + (0 - (-4 + -4 + (-26 - 2)))?
41
Evaluate 52 - (10 - 1 - (27 + 5)) - 1.
74
What is -2 + -3 + -5 + (-67 - (3 + 2))?
-82
Calculate -59 + -5 + 125 - -25.
86
Calculate -390 - -396 - (13 - 0) - 31.
-38
Evaluate 15 + -47 + 37 - (3 - (-1 + 1 - 5)).
-3
What is -7 - (-46 - (20 + -26 - -5))?
38
(-66 - -192 - 105) + -7 + -67
-53
Evaluate 0 - (-6 + (-2 - -3) - (197 - 205)).
-3
What is (90 - 25) + (16 - (30 + -27))?
78
What is the value of 7 + (-2 - -1 - (86 - 46) - -24)?
-10
3 + (-3 - -2 - -1) + (42050 - 42001)
52
Calculate 59 - (-15 + -2 + (-36 - -48) + 6 + 0).
58
Evaluate (-50 - 1) + (5 + -27 - (8 + -41)).
-40
-5 - (12 + -1 + (-1 - (-7 + 8)) + 41)
-55
What is 2 - (1021 - 1053 - (1 + 1 + -8))?
28
Evaluate -4 + -3 + (-2 - -5) + -43 + 31.
-16
What is -63 + (27 - (24 + -19) - 10)?
-51
-9 - (-116 - -105 - (0 + 0)) - -10
12
Evaluate (-14 - 22 - 2) + 9 + 9 + -41.
-61
What is the value of -45 - (-14 + (7 - 45))?
7
Calculate 4 + 8 + (12 - (-31 - -64)).
-9
Calculate (31 - 40 - 4) + 10 + (0 - 3).
-6
Calculate -299 + 302 + -3 + -2 + (-51 - 0).
-53
What is the value of (8 - ((-1 - 0) + 2)) + 108 + (77 - 207)?
-15
Evaluate 27 + -14 + -10 + 7 + 11 + (11 - 2).
30
What is (-51 - (-45 - -54)) + 2 + 19?
-39
What is the value of -15 + 11 + (9 - (6 + -16 + 10))?
5
-6 - (48 + (-69 - 26))
41
13 - ((81 - (33 - -7)) + 0)
-28
-42 + -2 - (1162 + -1194)
-12
((-13 - -9) + 15 - (2 - 1)) + (10 - 35)
-15
Calculate -176 - -82 - -82 - 54.
-66
Calculate (-100 - -88) + (-2 - 0) + 3 + -49 + -17.
-77
What is 9 + (26 - (2 + -10 + 9 + 2 + 7))?
25
What is the value of 9 + (-104 - (-3 + (6 - 10 - -23)))?
-111
What is -9 + 7 + 56 - (19 - 7 - 8)?
50
Evaluate 16 + -13 + -9 + -4 - 2.
-12
Evaluate 156 + -106 - (255 + -123).
-82
Calculate -25 + 19 + 4 + 7 - (1 + 44).
-40
What is the value of -136 + (260 - -24) - 265?
-117
Evaluate (-21 - (-21 - -6)) + 14 - 31.
-23
2 + 16 + 12 + -19 - (23 - 16)
4
What is the value of -15 + 0 + -3 + 85 + (0 - -13)?
80
(3 - (-10 + -151)) + -144
20
What is the value of -44 - (-212 - (-25 + -16) - -19)?
108
What is (-27 - (9 - 19)) + -5 - -56?
34
66 + -13 - (-26 - -32) - 19
28
What is -29 - 3 - (26 + -33 - (-8 - -1 - 4))?
-36
What is -46 + 171 + (20 - 41)?
104
Evaluate 12 - -2 - (-14 + (1 - (23 - 17))).
33
What is 23 + (-25 - (-31 + 31) - -6)?
4
What is (7 + -4 - -94) + (-65 - 41) + 110?
101
Evaluate -22 - (10 - (-18 + 3 + 7)).
-40
-17 - ((13 - 2) + (1 - 12) + -10 - 1)
-6
What is the value of (-11 - (-9 - -9)) + (8 - (-27 - 9))?
33
Calculate -5 - -11 - (10 + -10) - (0 + -71).
77
Evaluate 37 + (-5 - -7 - -7 - (1 + (-6 - -3))).
48
What is -91 + (783 - 808) + (-19 - 0)?
-135
What is the value of -16 - ((-14 - 17) + 93) - (0 + 8)?
-86
((5 - -13) + -3 - (-1 - -19)) + -95
-98
What is the value of 22 + (11 - 19 - -18)?
32
Evaluate (6 - 29) + 3 + (475 - 461).
-6
Calculate (5 - -5) + 11 - (92 - 44).
-27
Evaluate (154 - -1 - (72 + -78)) + -13 + 2 + -12.
138
Calculate 403 - 417 - (1 + 21).
-36
What is 29 - ((11 - -10) + -33)?
41
Calculate -146 - ((16 - 0) + -148 + 68 + 71).
-153
41 - (14 + -46 + 77 + -36)
32
Calculate 10 + (-9 - (77 + 0)) + -16 + (10 - 2).
-84
What is -120 + 0 + 6 + 108 + -78?
-84
Calculate -20 + -7 + -49 + 51.
-25
-284 - -178 - (-8 + (7 - (8 - 4 - 0)))
-101
What is 13 + -7 + (14 + 8 - 32)?
-4
What is the value of 12 + (13 + (-25 - (-23 + 8)) - 71)?
-56
What is the value of (-1049 - -1094) + (2 - (-9 + 5)) + -17?
34
What is the value of 19 + (24 - -37 - 53)?
27
Calculate 37 - (216 - 121 - -52).
-110
Calculate -48 + 2 + (-87 - -136).
3
(-15 + 2 - 0) + -39 + (11 - (-4 - -4))
-41
What is the value of (-58 - -1) + (3 - 2) - (1 - (-7 - -4))?
-60
Calculate -21 + 1 + -1 + 5456 + -5381.
54
What is -13 + (-93 + (-4 - 1) - (-45 - -25))?
-91
What is 11 - 5 - (-26 - 1) - (-2 - 4)?
39
What is the value of (50 - 53) + 112 - 125?
-16
What is 1 + 0 + (3 - 1) - (3892 - 3882) - -9?
2
Evaluate 75 + (-5 - (5 + -12) - 24 - -10) + 10.
73
Calculate (-6 + (-20 - -9 - (-8 - 9)) - -38) + -5.
33
What is 7 + 0 - ((-2 - 14) + (19 - 25))?
29
Calculate -32 - (-15 - -52) - -157.
88
What is (54 - 35 - 125) + 8?
-98
What is the value of 41 - ((34 - 96) + 84)?
19
Evaluate (1 - -9) + (116 - (328 + -133)).
-69
Evaluate -41 - (-44 + (-51 - 42)).
96
Calculate (-44 + 89 - 13) + -94.
-62
What is the value of -89 + (-94 + 298 - 57)?
58
Calculate -2 - (-10 - 11 - 0) - -18.
37
-13 - ((5 - 1) + -200 + 217)
-34
What is -2 + 9 + (-12 - -12) + -8 + 64?
63
What is the value of -66 + -50 + 30 - 57?
-143
Calculate -3 + 103 - (-1615 + 1674).
41
What is the value of 66 + -45 + 23 + 10 - -6?
60
What is the value of (-5 - -1) + (-545 - -542 - (-1 + 32))?
-38
What is 100 + -85 - (7 + -8 + 6)?
10
What is the value of -98 + -1 + 7 + (13 - (14 + -14 - -5))?
-84
Calculate 2 + (-83 + (2 - 0) - (49 - (21 + 18))).
-89
4 - (-19 + (13 - (-1 - -5)) - 1)
15
What is the value of -5 + -51 + 38 - 21?
-39
-14 - -10 - 16 - -63 - 22
21
What is the value of -97 + 152 + ((46 - 41) + -3 + 0 - -9)?
66
Calculate 145 + -136 + (9 - -11).
29
Evaluate (-131 + 158 - (-8 - -28)) + -35.
-28
0 + -42 + 31 + -46 - -23
-34
What is -5 - (-9 + 20 + -6 + (-11 - 3))?
4
Evaluate -6 + 28 + 1 + (-2 - 0) + -1.
20
What is 39 + -16 - 36 - 37 - 15?
-65
What is the value of -73 - (46 + -89) - -22?
-8
80 - (-17 + (26 - (-4 + 4)))
71
What is -98 + 21 + 72 - (28 + -1)?
-32
What is the value of -161 + 135 - (-49 + 8) - (-2 + 1)?
16
What is 2 + 23 + 2 + (162 - 165 - -22)?
46
Evaluate 5 - 11 - (-14 - -19 - 10).
-1
What is the value of -26 + -11 + 18 - -11 - 62?
-70
What is the value of 12140 - 12216 - (1 - 75)?
-2
What is 26 - (-14 + -4) - (5 - -5 - 1)?
35
Evaluate 44 - ((31 - 29) + -3 + 4).
41
What is (46 + 38 - 35) + -69?
-20
Calculate -1350 + 1294 - (1 - 79).
22
What is 1 + 1 - 8 - -4 - (-65 + 2)?
61
What is the value of (-22 - -14) + 19 + 5 + 1?
17
What is 55 + -11 + (5 - 20) + 17?
46
Evaluate 6 + 16 + 33 + -53 - (19 - 1).
-16
Calculate 36 - ((-35 - -60) + 47).
-36
Evaluate 7 + 14 - (-6 - -18 - (3 - 3)).
9
Calculate 62 + -57 - 16 - (1 + -3 + 73).
-82
What is the value of -98 - (-4 - -4 - (121 - 105))?
-82
What is the value of 113 + (-135 - -61 - 3)?
36
What is 36 - ((-40 - -6) + 16)?
54
40 + (-22 - -14) - 83
-51
5 + (7 + -21 - 18) + 15 - 116 - -15
-113
What is the value of -6359 + 6402 + 2 + (3 - (19 + 0))?
29
What is 98 - (10 + -10 + 70)?
28
Evaluate (1 - -6) + (2 - -34 - (21 + -50)).
72
(-1 - -1) + (21647 + -21652 - (-44 - 1 - 0))
40
What is the value of 12 + (-4 - (1 - 19))?
26
Calculate -8 + (-7 - -12) - (-32 + -4 + -2 + -8).
43
What is 10 + -1 + -39 + (38 - 2)?
6
Calculate (-1 - 75) + 92 + -193 + 73.
-104
What is (-6 - 18) + 9 + 7 + (-5 - -5) + -1?
-9
Calculate -48 + (-5 + 2 - (21 + 25 + -34)).
-63
What is the value of ((0 - -8) + -162 + 35 - 1) + -9 + 13?
-116
-29 - (100 + -70) - -57
-2
What is -6 - (50 + (-44 - 1) - ((-1 - -1) + -33))?
-44
Evaluate 5 + (-5 - (2 + -7)) + (-10 - -1) - 12.
-16
Evaluate ((-6 - -5) + -46 - 4) + -14 + (21 - 8).
-52
Calculate 11 + -20 + 19 + -16 - (-1 - 12) - 15.
-8
What is -96 + 8 - 8 - (174 - 125)?
-145
What is 1 - (87 + 10) - (-16 - (-39 + 34))?
-85
Calculate 3 + -52 + (77 - 17).
11
(-11 - -2 - -6) + (-2 + 8 - 12) + 107
98
Calculate -73 - (3 + (-47 - -15)).
-44
(-3 + (2 - 17) - (170 + -164)) + -4
-28
Calculate -24 - -40 - (-2 - -29) - (-9 + 30).
-32
What is 10 + 0 - -1 - (-929 - -900)?
40
0 + 0 + (-23 - -30) - (-35 - (-126 - -29))
-55
Calculate 143 - 146 - (-3 - (-1 - ((-1 - -3) + -34))).
31
Evaluate 49 + -11 + 2 + -403 + 399.
36
Evaluate 29 + -3 + (38 + -32 + 1 - (8 + 0)).
25
What is the value of 25 + (-16 - 1) + 35 + 0?
43
Calculate 106 - 30 - (115 + -56).
17
Evaluate -1 + 97 - (-104 + 205 + -84).
79
What is 113 + -92 - (17 - 1 - 7)?
12
What is the value of 9 - 0 - (-66 + 123 + -113)?
65
What is the value of (68 - (34 + 6 + 